 of (0 + -9)/(q/f)?
2, 3
Suppose 45*r + 404 = 47*r. Let o = r + -113. What are the prime factors of o?
89
Let d be ((-8)/6)/((-4)/(-18)). Let k = d - -24. List the prime factors of k.
2, 3
Let q(h) = h**3 - 6*h**2 + 7*h + 4. Let v(p) = 2*p - 2. Let c be v(3). Let i be q(c). Suppose -x - 4 + i = 0, 2*m = x + 126. What are the prime factors of m?
61
Let i be (-1 + 15/12)*20. Suppose k + 59 = 2*p + 154, -457 = -i*k + 4*p. List the prime factors of k.
89
Suppose 2*p - 6 = h, h + p = -0*h + 6. What are the prime factors of 233 + 3/h*4/(-6)?
2, 29
Let n(k) = -k**3 + k**2 + 5. Let t be n(0). Let y = -1 + t. Suppose -2*l = y*p - 4, -3*l - l + 28 = 3*p. What are the prime factors of l?
2, 5
Let s be 221/(-5) - ((-11)/55 - 0). Suppose 0*r = r + 6. Let j = r - s. List the prime factors of j.
2, 19
Let k be ((-79)/(-2))/(2/4). Let i = 132 - k. What are the prime factors of i?
53
Let v be -1*(15 - (1 - 3)). List the prime factors of v*1*(1 - 2).
17
Let i(v) = 38*v - 41. What are the prime factors of i(7)?
3, 5
Suppose -p = 4*p - 10. Let x(b) = 20*b**2 - 2*b + 3. What are the prime factors of x(p)?
79
Let q = 1 + 232. Let g = q - 130. List the prime factors of g.
103
Let z be (19 + -1)*(-18 + 19). List the prime factors of 13 - z - (-27)/1.
2, 11
List the prime factors of (-150)/18*(4 - 3 - 10).
3, 5
Let l(t) = -15*t**3 - 2*t**2 + 3*t - 4. What are the prime factors of l(-3)?
2, 11, 17
Suppose 71*o = 34*o + 139046. List the prime factors of o.
2, 1879
Let o(f) = -f**3 + 6*f**2 + 3*f + 3. Let q = 11 + -5. Let h be o(q). What are the prime factors of (h/6 + -4)*-14?
7
Let s(c) = -c**3 - c. Let y be s(-1). Let g = 19 - 9. Suppose -y*o + 37 = 2*k + k, -3*o + g = k. List the prime factors of k.
13
Suppose x - 220 = -5*z + 2107, 2*x = 5*z - 2336. List the prime factors of z.
2, 233
Let i(j) = -19*j + 47*j - 16*j. List the prime factors of i(6).
2, 3
Let o be 1/(-7) - 39/21. What are the prime factors of 3 - -31 - (o + -2)?
2, 19
What are the prime factors of 12/(-21) + 30*(-940)/(-105)?
2, 67
Let y(n) = 62*n**3 + 6*n**2 - 9*n - 1. What are the prime factors of y(3)?
2, 5, 17
Suppose 123*r + 132 = 111*r. Let j(x) be the second derivative of -x**3/2 - 7*x**2 + x. What are the prime factors of j(r)?
19
Let u be 27/2*98/(-147). Let v(l) = -1. Let t(c) = c**3 + 9*c**2 + 5*c + 7. Let z(h) = -t(h) + 4*v(h). What are the prime factors of z(u)?
2, 17
Let i(z) be the third derivative of z**6/120 + z**5/10 + z**4/24 + z**3/3 + z**2 - 25*z. Suppose 0 = a - 2*a - 4. What are the prime factors of i(a)?
2, 3, 5
Suppose 14 - 13 = q. List the prime factors of (q*(-25)/20)/(2/(-248)).
5, 31
Let v be (6 + -8)*10/(-4). Suppose -37 = -2*q - v*j + 30, 3*q + 2*j = 95. List the prime factors of q.
31
Let r be (-1)/2*(2 + -8). Suppose 29 = 2*q - r*q. Let b = q - -81. List the prime factors of b.
2, 13
Let p be 2/8 + 2/(-8). Let v(f) = -f - 6. Let j be v(p). List the prime factors of (-13 - -10)*16/j.
2
Suppose 8493 + 862 = 5*d. What are the prime factors of d?
1871
Let c = 352 + 106. Suppose 10*k - 52 - c = 0. List the prime factors of k.
3, 17
Let m = 282 - -144. List the prime factors of m.
2, 3, 71
Suppose 0 = -14*d + 325 + 221. What are the prime factors of d?
3, 13
Let c be (1 - (-3)/(-6))*8. Suppose -515 = -c*g + 141. What are the prime factors of g?
2, 41
Let y = 1997 + 486. What are the prime factors of y?
13, 191
Let s = -1554 + 2282. What are the prime factors of s?
2, 7, 13
Let t(a) = -6*a - 376*a**2 + 6 + 2*a**3 + 368*a**2 - 4*a**3 + 3*a. What are the prime factors of t(-5)?
71
Suppose -3*z - 4 = x, 2*x + 1 = 4*x + 3*z. Suppose 4*f - x*f + 39 = s, -2*f = 5*s - 180. What are the prime factors of s?
2, 17
Let p(x) be the first derivative of -x**4/4 + 16*x**3/3 - 11*x**2/2 - 5*x + 22. List the prime factors of p(15).
5, 11
Let i(g) = -2*g - 4. Let v be i(-2). Suppose v*w - p + 6 = -3*w, -10 = 5*w + 3*p. Let k = w - -14. What are the prime factors of k?
2, 3
Suppose 5*k = 6*k - 8. Let m = k + -6. Let o = m - -1. What are the prime factors of o?
3
Suppose -5*c = -0*r + 3*r + 10, 3*c + 30 = 3*r. Let t(p) = 3*p**3 - 11*p**2 - 5*p - 12. List the prime factors of t(r).
3, 7
Let r(j) = 85*j**2 - 5*j - 52. What are the prime factors of r(-4)?
2, 83
Suppose 4*j = j + 1116. Suppose 5*c = -c + j. List the prime factors of c.
2, 31
List the prime factors of ((-45)/5 + 1156)/(1/1).
31, 37
Let y(l) = -l**3 + 2*l - 6. Let o be y(-4). Suppose 3*n = -4*z + o, z = -2*z + 3*n + 48. Suppose -2*k + z = -10. List the prime factors of k.
2, 3
Let o(w) = -w + 5. Let m be o(-1). Let q(s) = 26*s - 6. List the prime factors of q(m).
2, 3, 5
What are the prime factors of 10/75 - 6506/(-30)?
7, 31
Suppose 38*v = 30*v + 6784. List the prime factors of v.
2, 53
Suppose r - 45 = -4*w + 115, 0 = -2*r + 4*w + 260. Suppose 0 = -7*k + 2*k - r. What are the prime factors of 24/7*k/(-4)?
2, 3
Suppose 3368 = 7*l - 1707. List the prime factors of l.
5, 29
Let i = 23 + -31. Let x be i/(-12) + 20/6. Suppose -96 = -x*j + 5*z, z + 42 = 2*j - 0*z. List the prime factors of j.
19
Let s(q) be the second derivative of -8*q**3/3 + 16*q**2 - 11*q. List the prime factors of s(-5).
2, 7
Let d(b) = b**3 + 37*b**2 + 76*b + 56. List the prime factors of d(-31).
2, 1733
Let t be 16 - ((-1 + 2)*-1 - -5). What are the prime factors of 184/t*(3 - -12)?
2, 5, 23
List the prime factors of 11*(-59)/((4 + 0)/(-8)).
2, 11, 59
Suppose -4*j - 4 = 3*k, 0 = 5*k - 5*j + 3*j + 50. Let f = k - -14. What are the prime factors of (-284)/(-12) + (-4)/f?
23
Let v be -1 + 4/12*3. Let n be (-5)/5 - (v + -6). Let a = n + -3. List the prime factors of a.
2
Suppose 20*k - 10171 = -2611. What are the prime factors of k?
2, 3, 7
Suppose -3766 = 5*n - 2*r, n + 2*n + 2272 = -5*r. List the prime factors of n/(-8) - ((-18)/(-8) + -2).
2, 47
Let x(a) = 2*a**2 - 45*a + 32. Let u(i) = 2*i**2 - 44*i + 32. Let t(j) = -3*u(j) + 4*x(j). What are the prime factors of t(24)?
2
Let n(i) = 11*i - 12. Let t be n(3). Let d = 111 - t. List the prime factors of d.
2, 3, 5
Let j be 2/(-3) - (-1036)/6. Suppose -30 + 108 = 6*a. Suppose a = 5*v - j. What are the prime factors of v?
37
Let l(c) = -102*c + 214. List the prime factors of l(-22).
2, 1229
Suppose 2*f + 0*f = 2*d - 10, 5*d + 5*f = 5. Suppose -d*o + 165 = -216. List the prime factors of o.
127
Suppose -35*p - 4500 = -40*p. List the prime factors of p.
2, 3, 5
Let g(c) = 2*c - 1. Let a be (-14)/(-6) - (-22)/33. Let w be g(a). Suppose 0*t - w*x = t - 16, -5*t + 80 = 4*x. What are the prime factors of t?
2
Suppose 0 = -0*o - o - 37. Let r = o - -57. Suppose r = 3*i - 16. List the prime factors of i.
2, 3
What are the prime factors of 5/(16623/(-16668) - -1)?
2, 463
Suppose -5*p - 85 = 2*k, -3*p = 2*k - 5*k - 180. Let w = k + 106. List the prime factors of w.
3, 17
Suppose 21*o + 85 - 13987 = 0. What are the prime factors of o?
2, 331
Let g be 830/(-35) - (-4)/(-14). Let y = 30 + g. What are the prime factors of (y/10)/((-9)/(-45))?
3
Let b be (8/(-6))/((-5)/45). What are the prime factors of 3/b - (1270/(-8) + -3)?
2, 3
Suppose 0 = 46*r - 23*r - 10327. What are the prime factors of r?
449
Suppose 0 = 4*v - 3*f - 1195, 3*v - f = -2*v + 1502. Let j = 524 - v. List the prime factors of j.
223
Suppose -4*u - 6 = -u, 4*j - u = -42. Let f(q) = -q**2 - 19*q + 59. List the prime factors of f(j).
3, 7
What are the prime factors of (-6)/15*(-2350)/10?
2, 47
Suppose -5*q = 5*y - 15, -2*q + 2*y = 3*q - 22. Let k(t) = 23*t. Let o be k(6). Suppose q*w - 50 - o = 0. What are the prime factors of w?
47
Let q(t) = t**2 + 0*t**2 + 18*t - 19*t + 1. List the prime factors of q(-7).
3, 19
Suppose -3*q - 40 = -775. List the prime factors of q.
5, 7
Let a = 663 + -318. Suppose -13*g + a = -10*g. What are the prime factors of g?
5, 23
Let c(y) = -69*y + 4. Let b be c(2). Let q = -92 - b. List the prime factors of q.
2, 3, 7
Suppose 16*d - 1184 = 432. Let q = 183 - d. List the prime factors of q.
2, 41
Suppose -8*z + 82*z = 89170. What are the prime factors of z?
5, 241
Let w = 37 - -2057. List the prime factors of w.
2, 3, 349
Let w = 1965 + -526. List the prime factors of w.
1439
Let g(u) = u - 1. Let h be g(1). Let s be (h - 0)*3/(-6). Suppose -30 = -s*w - 5*w. List the prime factors of w.
2, 3
Let t = 36 - -73. Let d = 245 + t. List the pri